116.
4
What is the highest common divisor of 1155 and 210?
105
What is the greatest common divisor of 58 and 406?
58
Calculate the highest common divisor of 7959 and 6.
3
What is the greatest common divisor of 2670 and 270?
30
Calculate the highest common divisor of 207 and 1495.
23
What is the greatest common factor of 7 and 47131?
7
What is the greatest common factor of 2120 and 371?
53
What is the highest common factor of 74 and 22015?
37
Calculate the highest common factor of 16789 and 103.
103
Calculate the greatest common divisor of 7 and 121.
1
Calculate the greatest common factor of 24 and 24.
24
Calculate the greatest common divisor of 1057 and 112.
7
Calculate the greatest common factor of 308 and 1012.
44
What is the highest common factor of 144 and 27?
9
What is the highest common factor of 7003 and 94?
47
What is the greatest common factor of 1962 and 36?
18
Calculate the greatest common factor of 47 and 2.
1
What is the highest common factor of 6 and 470?
2
What is the greatest common factor of 24 and 408?
24
Calculate the highest common factor of 192 and 16416.
96
Calculate the highest common factor of 16496 and 32.
16
What is the greatest common factor of 18440 and 40?
40
Calculate the greatest common divisor of 28 and 20.
4
Calculate the greatest common factor of 4070 and 110.
110
What is the greatest common divisor of 690 and 30?
30
Calculate the greatest common divisor of 220 and 132.
44
What is the highest common factor of 11 and 17963?
11
What is the highest common factor of 9845 and 110?
55
What is the highest common factor of 105 and 140?
35
What is the greatest common divisor of 1616 and 48?
16
What is the greatest common factor of 1026 and 12?
6
Calculate the highest common divisor of 15 and 615.
15
What is the highest common factor of 330 and 60?
30
Calculate the greatest common factor of 58 and 10034.
58
Calculate the highest common factor of 442 and 34.
34
Calculate the highest common factor of 513 and 38.
19
What is the greatest common factor of 24 and 879?
3
What is the greatest common factor of 110 and 450?
10
What is the highest common divisor of 40 and 16?
8
Calculate the greatest common divisor of 4566 and 24.
6
Calculate the highest common factor of 183 and 976.
61
What is the greatest common divisor of 990 and 66?
66
Calculate the highest common divisor of 20 and 220.
20
What is the greatest common factor of 102 and 238?
34
What is the greatest common factor of 46 and 6026?
46
What is the greatest common factor of 96 and 168?
24
What is the greatest common divisor of 28 and 12838?
14
Calculate the greatest common divisor of 8 and 2504.
8
What is the greatest common divisor of 210 and 750?
30
Calculate the highest common factor of 57 and 57.
57
Calculate the highest common factor of 40 and 160.
40
What is the highest common divisor of 408 and 48?
24
Calculate the greatest common factor of 87 and 232.
29
Calculate the greatest common divisor of 136 and 24.
8
What is the highest common factor of 18 and 366?
6
What is the highest common factor of 2 and 1874?
2
Calculate the highest common factor of 57 and 3648.
57
Calculate the highest common factor of 98 and 602.
14
What is the highest common divisor of 363 and 143?
11
Calculate the greatest common divisor of 15 and 1095.
15
Calculate the greatest common factor of 518 and 14.
14
What is the highest common divisor of 154 and 28?
14
Calculate the highest common factor of 2528 and 79.
79
What is the highest common divisor of 48 and 64?
16
What is the highest common divisor of 32 and 56?
8
Calculate the greatest common divisor of 5132 and 4.
4
What is the greatest common divisor of 390 and 351?
39
What is the highest common factor of 18 and 585?
9
What is the highest common factor of 23 and 184?
23
Calculate the greatest common factor of 14 and 7658.
14
What is the greatest common divisor of 400 and 64?
16
Calculate the greatest common divisor of 42 and 182.
14
Calculate the highest common divisor of 84 and 3948.
84
Calculate the greatest common factor of 175 and 595.
35
Calculate the highest common factor of 11870 and 10.
10
Calculate the highest common factor of 301 and 21.
7
Calculate the highest common factor of 320 and 256.
64
What is the highest common factor of 106 and 72?
2
Calculate the highest common divisor of 3068 and 104.
52
Calculate the greatest common factor of 221 and 17.
17
Calculate the greatest common divisor of 6 and 33.
3
What is the greatest common factor of 198 and 450?
18
Calculate the greatest common factor of 324 and 2316.
12
What is the highest common divisor of 147 and 168?
21
What is the greatest common factor of 72 and 192?
24
What is the highest common factor of 99 and 528?
33
Calculate the highest common factor of 150 and 24.
6
What is the greatest common divisor of 23 and 989?
23
Calculate the highest common divisor of 115 and 368.
23
What is the highest common factor of 64 and 144?
16
Calculate the greatest common divisor of 2829 and 69.
69
Calculate the greatest common factor of 47 and 141.
47
What is the highest common divisor of 60770 and 206?
206
Calculate the highest common factor of 64 and 628.
4
What is the highest common divisor of 18003 and 17?
17
Calculate the greatest common divisor of 1964 and 8.
4
Calculate the greatest common divisor of 9531 and 72.
9
Calculate the greatest common divisor of 80 and 352.
16
What is the highest common factor of 32 and 28?
4
What is the highest common divisor of 50 and 50?
50
Calculate the highest common divisor of 145 and 75.
5
What is the greatest common factor of 243 and 81?
81
What is the greatest common divisor of 5547 and 129?
129
What is the highest common factor of 4802 and 6517?
343
Calculate the greatest common factor of 111 and 5328.
111
Calculate the greatest common divisor of 78 and 104.
26
Calculate the highest common divisor of 21 and 1918.
7
Calculate the greatest common factor of 75 and 3425.
25
What is the greatest common factor of 162 and 4014?
18
Calculate the greatest common factor of 1580 and 237.
79
Calculate the greatest common factor of 3290 and 105.
35
What is the highest common divisor of 65 and 91?
13
Calculate the highest common divisor of 18 and 90.
18
What is the greatest common divisor of 640 and 40?
40
Calculate the greatest common factor of 26 and 182.
26
What is the highest common divisor of 447 and 5215?
149
What is the highest common divisor of 2058 and 24?
6
What is the highest common divisor of 2 and 6?
2
Calculate the highest common divisor of 600 and 750.
150
What is the highest common factor of 251 and 1?
1
What is the greatest common divisor of 73 and 292?
73
What is the greatest common factor of 357 and 969?
51
Calculate the highest common divisor of 13776 and 224.
112
Calculate the greatest common factor of 3164 and 700.
28
Calculate the greatest common divisor of 113 and 14803.
113
Calculate the greatest common factor of 130 and 143.
13
What is the greatest common factor of 3916 and 88?
44
What is the highest common factor of 33 and 12903?
33
What is the greatest common factor of 2033 and 19?
19
Calculate the highest common factor of 6 and 813.
3
Calculate the highest common factor of 7272 and 576.
72
Calculate the greatest common divisor of 16 and 9136.
16
Calculate the highest common divisor of 4896 and 1296.
144
Calculate the greatest common divisor of 1664 and 65.
13
What is the greatest common factor of 141 and 27?
3
What is the greatest common factor of 11387 and 59?
59
Calculate the greatest common factor of 15 and 185.
5
Calculate the greatest common factor of 22 and 539.
11
Calculate the highest common divisor of 1593 and 236.
59
What is the highest common divisor of 166 and 415?
83
Calculate the greatest common factor of 96596 and 19.
19
What is the highest common factor of 3422 and 708?
118
Calculate the greatest common factor of 6643 and 1533.
511
Calculate the greatest common factor of 816 and 16.
16
What is the highest common factor of 28 and 700?
28
Calculate the greatest common divisor of 2520 and 270.
90
What is the highest common factor of 42 and 18?
6
Calculate the highest common divisor of 2511 and 54.
27
Calculate the greatest common factor of 54 and 108.
54
Calculate the greatest common factor of 88 and 8.
8
What i